{"id":261,"date":"2025-03-27T14:10:55","date_gmt":"2025-03-27T14:10:55","guid":{"rendered":"https:\/\/www.joogasalonki.fi\/?page_id=261"},"modified":"2026-04-08T11:16:01","modified_gmt":"2026-04-08T11:16:01","slug":"astangaretriitti-kreikassa-2026","status":"publish","type":"page","link":"https:\/\/www.joogasalonki.fi\/index.php\/retriitit\/astangaretriitti-kreikassa-2026\/","title":{"rendered":"Astangajoogaretriitti Kreikassa"},"content":{"rendered":"\n<h2 class=\"wp-block-heading\">Viikon retriitti Karpathoksen saarella 22.-29.9.2026<\/h2>\n\n\n\n<p><strong>Astangaa\u00a0Linda Taakalan ja Frank Kappaksen ohjauksessa\u00a0kauniilla Karpathoksen saarella Elena Eleftheriadin salilla. Majoitukset ja matkat omatoimisin valinnoin ja varauksin.<\/strong><\/p>\n\n\n\n<figure class=\"wp-block-image size-large is-resized\"><img loading=\"lazy\" decoding=\"async\" width=\"1024\" height=\"653\" src=\"https:\/\/www.joogasalonki.fi\/wp-content\/uploads\/2025\/03\/jooga.jpg\" alt=\"\" class=\"wp-image-262\" style=\"width:685px;height:auto\" srcset=\"https:\/\/www.joogasalonki.fi\/wp-content\/uploads\/2025\/03\/jooga.jpg 1024w, https:\/\/www.joogasalonki.fi\/wp-content\/uploads\/2025\/03\/jooga-300x191.jpg 300w, https:\/\/www.joogasalonki.fi\/wp-content\/uploads\/2025\/03\/jooga-768x490.jpg 768w\" sizes=\"auto, (max-width: 1024px) 100vw, 1024px\" \/><\/figure>\n\n\n\n<div style=\"height:30px\" aria-hidden=\"true\" class=\"wp-block-spacer\"><\/div>\n\n\n\n<h3 class=\"wp-block-heading\">Lue lis\u00e4\u00e4 ohjaajista:&nbsp;&nbsp;<a href=\"https:\/\/www.frankkappas.fi\/\" target=\"_blank\" rel=\"noreferrer noopener\">Frank Kappas&nbsp;<\/a>&nbsp;&nbsp;<a href=\"https:\/\/www.joogasalonki.fi\/index.php\/ohjaajat\/linda-taakala\/\" data-type=\"link\" data-id=\"https:\/\/www.joogasalonki.fi\/index.php\/ohjaajat\/linda-taakala\/\" target=\"_blank\" rel=\"noreferrer noopener\">Linda Taakala<\/a><\/h3>\n\n\n\n<p>Linda ja Frank ovat mm. pit\u00e4neet yhdess\u00e4 jokavuotista astangan kes\u00e4retriitti\u00e4 V\u00e4\u00e4ksyn Joogasalongissa vuodesta 2012 alkaen.<\/p>\n\n\n\n<div style=\"height:28px\" aria-hidden=\"true\" class=\"wp-block-spacer\"><\/div>\n\n\n\n<p><strong>P\u00e4iv\u00e4ohjelma (alustava, voi viel\u00e4 muuttua)<\/strong><\/p>\n\n\n\n<p>07:30 \u2013 11:00&nbsp; astangajooga, mysore tai tarpeen mukaan ohjattu harjoitus &nbsp;(joka p\u00e4iv\u00e4 alkaen 23.9.)<\/p>\n\n\n\n<p>18:30 \u2013 20:00 &nbsp;syvent\u00e4v\u00e4 teematunti &nbsp; (viiten\u00e4 iltana tai iltap\u00e4iv\u00e4ll\u00e4)<\/p>\n\n\n\n<p>20:00 \u2013 20:30 &nbsp;meditaatio &nbsp;(joka p\u00e4iv\u00e4)<\/p>\n\n\n\n<div style=\"height:23px\" aria-hidden=\"true\" class=\"wp-block-spacer\"><\/div>\n\n\n\n<p><strong>J\u00e4rjest\u00e4mme joogaohjelman, muun jokainen osallistuja varailee omatoimisesti.<\/strong><\/p>\n\n\n\n<div style=\"height:23px\" aria-hidden=\"true\" class=\"wp-block-spacer\"><\/div>\n\n\n\n<p><strong>Joogaohjelman hinta 330 \u20ac.<\/strong><\/p>\n\n\n\n<div style=\"height:26px\" aria-hidden=\"true\" class=\"wp-block-spacer\"><\/div>\n\n\n\n<p><strong>L\u00c4HT\u00d6P\u00c4IV\u00c4 ON 22.9. <\/strong>APOLLOMATKOJEN LENTOKALENTERIN MUKAAN:  Suoria lentoja, sek\u00e4 lento+hotelli paketteja Suomesta  Karpathokselle myy Apollomatkat. Apollo lent\u00e4\u00e4 Suomesta Karpathokselle kerran viikossa, tiistaisin, joka on huomioitu joogaohjelman ajoituksissa. Kyseess\u00e4 on kauden viimeiset suorat meno-paluu lennot.<br><a href=\"https:\/\/www.apollomatkat.fi\/\" target=\"_blank\" rel=\"noreferrer noopener\">https:\/\/www.apollomatkat.fi<\/a><br><\/p>\n\n\n\n<p>Voit tulla saarelle my\u00f6s esim. Ateenan kautta, josta on tunnin lento saarelle. My\u00f6s Rhodokselta on yhteys Karpathokselle lent\u00e4en, tai laivalla, joka on eritt\u00e4in vieh\u00e4tt\u00e4v\u00e4 vaihtoehto.&nbsp;<\/p>\n\n\n\n<p>Majoituspaikkoja on varattavissa vapaasti my\u00f6s mm. booking.comista, jos Apollomatkoilta et l\u00f6yd\u00e4 mieleist\u00e4.<br><strong>Joogasali on Karpathoksen kaupungin keskustassa. <\/strong>Tuumailet omat valintasi onko majoitus k\u00e4velymatkan p\u00e4\u00e4ss\u00e4 mieluisin, vai vuokraatko auton ja nautit majoituksesta kauempana Karpathoksen kaupungin keskustasta?&nbsp;<\/p>\n\n\n\n<p><strong>L\u00f6yd\u00e4t salin helposti karttalinkin avulla. Katuosoitteita ei saarella juurikaan ole.<\/strong><\/p>\n\n\n\n<p><a href=\"https:\/\/www.google.com\/maps\/place\/Antama\/@35.5080607,27.2085713,17z\/data=!4m14!1m7!3m6!1s0x1494032637ffa087:0xa109743bef191201!2sAntama!8m2!3d35.5080564!4d27.2111516!16s%252Fg%252F11h51cp6nn!3m5!1s0x1494032637ffa087:0xa109743bef191201!8m2!3d35.5080564!4d27.2111516!16s%252Fg%252F11h51cp6nn?entry=ttu\" target=\"_blank\" rel=\"noreferrer noopener\">Antama \u2013 Google Maps<\/a><\/p>\n\n\n\n<p><a href=\"https:\/\/www.facebook.com\/people\/Yoga-Elena-in-Karpathos\/100063855411282\/\" target=\"_blank\" rel=\"noreferrer noopener\">Yoga Elena in Karpathos | K\u00e1rpathos | Facebook<\/a><\/p>\n\n\n\n<div style=\"height:48px\" aria-hidden=\"true\" class=\"wp-block-spacer\"><\/div>\n\n\n\n<p><strong>Ilmoittautumiset ja muut tiedustelut:&nbsp;<\/strong><\/p>\n\n\n\n<p>Linda Taakala<\/p>\n\n\n\n<p><a href=\"mailto:kontakti@lindamaria.fi\">kontakti@lindamaria.fi<\/a><\/p>\n\n\n\n<p>+358 44 282 0106<\/p>\n\n\n\n<div style=\"height:26px\" aria-hidden=\"true\" class=\"wp-block-spacer\"><\/div>\n\n\n\n<h2 class=\"wp-block-heading\">Viikon retriitti Karpathoksen saarella my\u00f6s 15.-22.9.2026<\/h2>\n\n\n\n<p><strong>HUOM! Frank Kappas pit\u00e4\u00e4 joogatunteja Karpathoksella my\u00f6s retriitti\u00e4mme edelt\u00e4v\u00e4ll\u00e4 viikolla 15.-22.9., <\/strong>jolloin ohjelmassa on aamujoogat joka p\u00e4iv\u00e4, ja illan ohjelmassa yinjoogaa kolmena p\u00e4iv\u00e4n\u00e4 Elenan ohjauksessa, sek\u00e4 kaksi Frankin ohjaamaa teematuntia ja iltameditaatiot. N\u00e4in voit viett\u00e4\u00e4 vaikka kahdenkin viikon joogaloman saarella. Kysy lis\u00e4\u00e4 ja ilmoittaudu<br><a href=\"mailto:maarit.karilo@hotmail.com\">maarit.karilo@hotmail.com<\/a>\u00a0 +358 405836024<\/p>\n\n\n\n<div style=\"height:41px\" aria-hidden=\"true\" class=\"wp-block-spacer\"><\/div>\n\n\n\n<h5 class=\"wp-block-heading\">TERVETULOA MUKAAN!<\/h5>\n\n\n\n<figure class=\"wp-block-image size-large is-resized is-style-default\"><img loading=\"lazy\" decoding=\"async\" width=\"1024\" height=\"768\" src=\"https:\/\/www.joogasalonki.fi\/wp-content\/uploads\/2025\/03\/Kuva-karphatos-1024x768.jpg\" alt=\"\" class=\"wp-image-264\" style=\"width:685px\" srcset=\"https:\/\/www.joogasalonki.fi\/wp-content\/uploads\/2025\/03\/Kuva-karphatos-1024x768.jpg 1024w, https:\/\/www.joogasalonki.fi\/wp-content\/uploads\/2025\/03\/Kuva-karphatos-300x225.jpg 300w, https:\/\/www.joogasalonki.fi\/wp-content\/uploads\/2025\/03\/Kuva-karphatos-768x576.jpg 768w, https:\/\/www.joogasalonki.fi\/wp-content\/uploads\/2025\/03\/Kuva-karphatos.jpg 1280w\" sizes=\"auto, (max-width: 1024px) 100vw, 1024px\" \/><\/figure>\n\n\n\n<div style=\"height:60px\" aria-hidden=\"true\" class=\"wp-block-spacer\"><\/div>\n\n\n\n<figure class=\"wp-block-image size-large is-resized\"><img loading=\"lazy\" decoding=\"async\" width=\"1024\" height=\"768\" src=\"https:\/\/www.joogasalonki.fi\/wp-content\/uploads\/2025\/03\/Kuva-karphatos2-1024x768.jpg\" alt=\"\" class=\"wp-image-263\" style=\"width:685px\" srcset=\"https:\/\/www.joogasalonki.fi\/wp-content\/uploads\/2025\/03\/Kuva-karphatos2-1024x768.jpg 1024w, https:\/\/www.joogasalonki.fi\/wp-content\/uploads\/2025\/03\/Kuva-karphatos2-300x225.jpg 300w, https:\/\/www.joogasalonki.fi\/wp-content\/uploads\/2025\/03\/Kuva-karphatos2-768x576.jpg 768w, https:\/\/www.joogasalonki.fi\/wp-content\/uploads\/2025\/03\/Kuva-karphatos2.jpg 1280w\" sizes=\"auto, (max-width: 1024px) 100vw, 1024px\" \/><\/figure>\n\n\n\n<p><\/p>\n","protected":false},"excerpt":{"rendered":"<p>Viikon retriitti Karpathoksen saarella 22.-29.9.2026 Astangaa\u00a0Linda Taakalan ja Frank Kappaksen ohjauksessa\u00a0kauniilla Karpathoksen saarella Elena Eleftheriadin salilla. Majoitukset ja matkat omatoimisin valinnoin ja varauksin. Lue lis\u00e4\u00e4 ohjaajista:&nbsp;&nbsp;Frank Kappas&nbsp;&nbsp;&nbsp;Linda Taakala Linda ja Frank ovat mm. pit\u00e4neet yhdess\u00e4 jokavuotista astangan kes\u00e4retriitti\u00e4 V\u00e4\u00e4ksyn Joogasalongissa vuodesta 2012 alkaen. P\u00e4iv\u00e4ohjelma (alustava, voi viel\u00e4 muuttua) 07:30 \u2013 11:00&nbsp; astangajooga, mysore tai tarpeen <a class=\"read-more\" href=\"https:\/\/www.joogasalonki.fi\/index.php\/retriitit\/astangaretriitti-kreikassa-2026\/\">READ MORE<\/a><\/p>\n","protected":false},"author":1,"featured_media":0,"parent":91,"menu_order":0,"comment_status":"closed","ping_status":"closed","template":"","meta":{"footnotes":""},"class_list":["post-261","page","type-page","status-publish","hentry"],"_links":{"self":[{"href":"https:\/\/www.joogasalonki.fi\/index.php\/wp-json\/wp\/v2\/pages\/261","targetHints":{"allow":["GET"]}}],"collection":[{"href":"https:\/\/www.joogasalonki.fi\/index.php\/wp-json\/wp\/v2\/pages"}],"about":[{"href":"https:\/\/www.joogasalonki.fi\/index.php\/wp-json\/wp\/v2\/types\/page"}],"author":[{"embeddable":true,"href":"https:\/\/www.joogasalonki.fi\/index.php\/wp-json\/wp\/v2\/users\/1"}],"replies":[{"embeddable":true,"href":"https:\/\/www.joogasalonki.fi\/index.php\/wp-json\/wp\/v2\/comments?post=261"}],"version-history":[{"count":35,"href":"https:\/\/www.joogasalonki.fi\/index.php\/wp-json\/wp\/v2\/pages\/261\/revisions"}],"predecessor-version":[{"id":933,"href":"https:\/\/www.joogasalonki.fi\/index.php\/wp-json\/wp\/v2\/pages\/261\/revisions\/933"}],"up":[{"embeddable":true,"href":"https:\/\/www.joogasalonki.fi\/index.php\/wp-json\/wp\/v2\/pages\/91"}],"wp:attachment":[{"href":"https:\/\/www.joogasalonki.fi\/index.php\/wp-json\/wp\/v2\/media?parent=261"}],"curies":[{"name":"wp","href":"https:\/\/api.w.org\/{rel}","templated":true}]}}

<h2 class="wp-block-heading">Viikon retriitti Karpathoksen saarella 22.-29.9.2026</h2>



<p><strong>Astangaa Linda Taakalan ja Frank Kappaksen ohjauksessa kauniilla Karpathoksen saarella Elena Eleftheriadin salilla. Majoitukset ja matkat omatoimisin valinnoin ja varauksin.</strong></p>



<figure class="wp-block-image size-large is-resized"><img loading="lazy" decoding="async" width="1024" height="653" src="https://www.joogasalonki.fi/wp-content/uploads/2025/03/jooga.jpg" alt="" class="wp-image-262" style="width:685px;height:auto" srcset="https://www.joogasalonki.fi/wp-content/uploads/2025/03/jooga.jpg 1024w, https://www.joogasalonki.fi/wp-content/uploads/2025/03/jooga-300x191.jpg 300w, https://www.joogasalonki.fi/wp-content/uploads/2025/03/jooga-768x490.jpg 768w" sizes="auto, (max-width: 1024px) 100vw, 1024px" /></figure>



<div style="height:30px" aria-hidden="true" class="wp-block-spacer"></div>



<h3 class="wp-block-heading">Lue lisää ohjaajista:&nbsp;&nbsp;<a href="https://www.frankkappas.fi/" target="_blank" rel="noreferrer noopener">Frank Kappas&nbsp;</a>&nbsp;&nbsp;<a href="https://www.joogasalonki.fi/index.php/ohjaajat/linda-taakala/" data-type="link" data-id="https://www.joogasalonki.fi/index.php/ohjaajat/linda-taakala/" target="_blank" rel="noreferrer noopener">Linda Taakala</a></h3>



<p>Linda ja Frank ovat mm. pitäneet yhdessä jokavuotista astangan kesäretriittiä Vääksyn Joogasalongissa vuodesta 2012 alkaen.</p>



<div style="height:28px" aria-hidden="true" class="wp-block-spacer"></div>



<p><strong>Päiväohjelma (alustava, voi vielä muuttua)</strong></p>



<p>07:30 – 11:00&nbsp; astangajooga, mysore tai tarpeen mukaan ohjattu harjoitus &nbsp;(joka päivä alkaen 23.9.)</p>



<p>18:30 – 20:00 &nbsp;syventävä teematunti &nbsp; (viitenä iltana tai iltapäivällä)</p>



<p>20:00 – 20:30 &nbsp;meditaatio &nbsp;(joka päivä)</p>



<div style="height:23px" aria-hidden="true" class="wp-block-spacer"></div>



<p><strong>Järjestämme joogaohjelman, muun jokainen osallistuja varailee omatoimisesti.</strong></p>



<div style="height:23px" aria-hidden="true" class="wp-block-spacer"></div>



<p><strong>Joogaohjelman hinta 330 €.</strong></p>



<div style="height:26px" aria-hidden="true" class="wp-block-spacer"></div>



<p><strong>LÄHTÖPÄIVÄ ON 22.9. </strong>APOLLOMATKOJEN LENTOKALENTERIN MUKAAN:  Suoria lentoja, sekä lento+hotelli paketteja Suomesta  Karpathokselle myy Apollomatkat. Apollo lentää Suomesta Karpathokselle kerran viikossa, tiistaisin, joka on huomioitu joogaohjelman ajoituksissa. Kyseessä on kauden viimeiset suorat meno-paluu lennot.<br><a href="https://www.apollomatkat.fi/" target="_blank" rel="noreferrer noopener">https://www.apollomatkat.fi</a><br></p>



<p>Voit tulla saarelle myös esim. Ateenan kautta, josta on tunnin lento saarelle. Myös Rhodokselta on yhteys Karpathokselle lentäen, tai laivalla, joka on erittäin viehättävä vaihtoehto.&nbsp;</p>



<p>Majoituspaikkoja on varattavissa vapaasti myös mm. booking.comista, jos Apollomatkoilta et löydä mieleistä.<br><strong>Joogasali on Karpathoksen kaupungin keskustassa. </strong>Tuumailet omat valintasi onko majoitus kävelymatkan päässä mieluisin, vai vuokraatko auton ja nautit majoituksesta kauempana Karpathoksen kaupungin keskustasta?&nbsp;</p>



<p><strong>Löydät salin helposti karttalinkin avulla. Katuosoitteita ei saarella juurikaan ole.</strong></p>



<p><a href="https://www.google.com/maps/place/Antama/@35.5080607,27.2085713,17z/data=!4m14!1m7!3m6!1s0x1494032637ffa087:0xa109743bef191201!2sAntama!8m2!3d35.5080564!4d27.2111516!16s%252Fg%252F11h51cp6nn!3m5!1s0x1494032637ffa087:0xa109743bef191201!8m2!3d35.5080564!4d27.2111516!16s%252Fg%252F11h51cp6nn?entry=ttu" target="_blank" rel="noreferrer noopener">Antama – Google Maps</a></p>



<p><a href="https://www.facebook.com/people/Yoga-Elena-in-Karpathos/100063855411282/" target="_blank" rel="noreferrer noopener">Yoga Elena in Karpathos | Kárpathos | Facebook</a></p>



<div style="height:48px" aria-hidden="true" class="wp-block-spacer"></div>



<p><strong>Ilmoittautumiset ja muut tiedustelut:&nbsp;</strong></p>



<p>Linda Taakala</p>



<p><a href="mailto:kontakti@lindamaria.fi">kontakti@lindamaria.fi</a></p>



<p>+358 44 282 0106</p>



<div style="height:26px" aria-hidden="true" class="wp-block-spacer"></div>



<h2 class="wp-block-heading">Viikon retriitti Karpathoksen saarella myös 15.-22.9.2026</h2>



<p><strong>HUOM! Frank Kappas pitää joogatunteja Karpathoksella myös retriittiämme edeltävällä viikolla 15.-22.9., </strong>jolloin ohjelmassa on aamujoogat joka päivä, ja illan ohjelmassa yinjoogaa kolmena päivänä Elenan ohjauksessa, sekä kaksi Frankin ohjaamaa teematuntia ja iltameditaatiot. Näin voit viettää vaikka kahdenkin viikon joogaloman saarella. Kysy lisää ja ilmoittaudu<br><a href="mailto:maarit.karilo@hotmail.com">maarit.karilo@hotmail.com</a>  +358 405836024</p>



<div style="height:41px" aria-hidden="true" class="wp-block-spacer"></div>



<h5 class="wp-block-heading">TERVETULOA MUKAAN!</h5>



<figure class="wp-block-image size-large is-resized is-style-default"><img loading="lazy" decoding="async" width="1024" height="768" src="https://www.joogasalonki.fi/wp-content/uploads/2025/03/Kuva-karphatos-1024x768.jpg" alt="" class="wp-image-264" style="width:685px" srcset="https://www.joogasalonki.fi/wp-content/uploads/2025/03/Kuva-karphatos-1024x768.jpg 1024w, https://www.joogasalonki.fi/wp-content/uploads/2025/03/Kuva-karphatos-300x225.jpg 300w, https://www.joogasalonki.fi/wp-content/uploads/2025/03/Kuva-karphatos-768x576.jpg 768w, https://www.joogasalonki.fi/wp-content/uploads/2025/03/Kuva-karphatos.jpg 1280w" sizes="auto, (max-width: 1024px) 100vw, 1024px" /></figure>



<div style="height:60px" aria-hidden="true" class="wp-block-spacer"></div>



<figure class="wp-block-image size-large is-resized"><img loading="lazy" decoding="async" width="1024" height="768" src="https://www.joogasalonki.fi/wp-content/uploads/2025/03/Kuva-karphatos2-1024x768.jpg" alt="" class="wp-image-263" style="width:685px" srcset="https://www.joogasalonki.fi/wp-content/uploads/2025/03/Kuva-karphatos2-1024x768.jpg 1024w, https://www.joogasalonki.fi/wp-content/uploads/2025/03/Kuva-karphatos2-300x225.jpg 300w, https://www.joogasalonki.fi/wp-content/uploads/2025/03/Kuva-karphatos2-768x576.jpg 768w, https://www.joogasalonki.fi/wp-content/uploads/2025/03/Kuva-karphatos2.jpg 1280w" sizes="auto, (max-width: 1024px) 100vw, 1024px" /></figure>



<p></p>

<p>Viikon retriitti Karpathoksen saarella 22.-29.9.2026 Astangaa Linda Taakalan ja Frank Kappaksen ohjauksessa kauniilla Karpathoksen saarella Elena Eleftheriadin salilla. Majoitukset ja matkat omatoimisin valinnoin ja varauksin. Lue lisää ohjaajista:&nbsp;&nbsp;Frank Kappas&nbsp;&nbsp;&nbsp;Linda Taakala Linda ja Frank ovat mm. pitäneet yhdessä jokavuotista astangan kesäretriittiä Vääksyn Joogasalongissa vuodesta 2012 alkaen. Päiväohjelma (alustava, voi vielä muuttua) 07:30 – 11:00&nbsp; astangajooga, mysore tai tarpeen <a class="read-more" href="https://www.joogasalonki.fi/index.php/retriitit/astangaretriitti-kreikassa-2026/">READ MORE</a></p>
